h*g + 2*y + 4084, -2*y = 1 + 1. Is g a prime number?
False
Let j be -4 - (3 - 4)*5398. Suppose -142*d = -148*d + j. Is d a prime number?
False
Suppose -4*f = -4*a - 44, -2*f + 0*a = 3*a - 7. Let d(h) = f*h - h**2 - 7*h + 2357*h**3 + 1341*h**3 - 1. Is d(1) a prime number?
True
Let q(u) = u - 12. Let d be q(11). Let v(b) = -4*b**3 + 10*b**2 + 6*b - 7. Let t(m) = m**3 - m**2 + m + 1. Let x(f) = d*v(f) - 3*t(f). Is x(9) prime?
False
Let k = 1072244 - -15179. Is k a composite number?
False
Let x = -39 - -42. Suppose 3*a = -x*a - 27588. Is a/(-33) + 1/(-3) composite?
False
Suppose -2*w - 1278 = -2*h + 26, 0 = -h + 4*w + 667. Is (h/4)/(20/80) a composite number?
False
Let c be -2 + 2 - 26/(-2). Suppose -4*k - 216 = -4*l, -c = k + 2*l + 56. Let a = k - -310. Is a composite?
False
Let g(n) be the first derivative of -20*n**4 + n**3/3 + 4*n**2 + 9*n - 51. Is g(-4) composite?
False
Let s be 52/13 + -1*32. Let f = 34 + s. Suppose 0*m - 5442 = -f*m. Is m composite?
False
Suppose 12*z - 29*z + 170 = 0. Suppose z*p - 6227 = 9*p. Is p prime?
False
Suppose 0 = 2*c - a - 2032911, 2*c = -43*a + 47*a + 2032926. Is c composite?
False
Let k(f) = -6*f**2 - 2*f + 657011. Is k(0) a prime number?
False
Suppose 0 = -2*t + m - 3508, 3*t + 5262 = -5*m + m. Let g = 637 - t. Is g a composite number?
True
Is (-6660834)/(-34) + (-2 + 8 - 100/17) a prime number?
True
Suppose 3*i - i - 4 = 0. Let q(t) = 36*t**i - 15*t + 10*t + 20 + 18*t. Is q(-7) a prime number?
True
Let o(n) = n**3 + 4*n**2 + n + 3. Let j be o(-2). Suppose 4*f - j*g + 10*g = 2836, -5*f - 2*g = -3545. Is f prime?
True
Let r(p) = 43*p - 3. Let w(u) = -u**2 - 11*u - 17. Let x be w(-9). Suppose 2*o + 0*q + q = x, 3*q + 13 = 2*o. Is r(o) a prime number?
True
Let z be (-1103664)/336 + (-2)/7. Let l = 1810 - z. Is l a composite number?
True
Let y be (-20)/14 - 12/21. Is ((-4)/(-8))/(y/(-15796)) prime?
False
Let x be -1*(-5)/(-25) - 32/(-10). Suppose 0*l + 9 = -x*l, -l = -v + 880. Is v a composite number?
False
Suppose -2*s + g + 9 = 0, -5*g - 5 = 4*s - 2. Let q be (-4 - 96/s)*-1. Suppose 1815 = 3*n + q. Is n prime?
True
Let t = -218 - -226. Is (t/8)/((-3)/(-27717)) a composite number?
False
Suppose 5*h = 2*g + 300, 0 + 37 = h - 5*g. Suppose h*i = 64*i - 1296. Let w = -341 + i. Is w a prime number?
True
Let b(f) = 2958*f + 32. Let o be b(5). Let j = o + -8019. Is j composite?
False
Let b = 7273 - 3967. Suppose -2*v = 2*i - b, 3*i = 7*v - 9*v + 3302. Suppose -5*m + 1665 = -10*p + 5*p, -5*m = -3*p - v. Is m composite?
True
Let d be -16093 + 0 - (24 + -19). Is (3/((-6)/5))/(3/d) prime?
False
Suppose -b - 13 = 3*u, -7*u + 8*u - 39 = 3*b. Let y be b/26 - 8618/4. Let n = y - -3122. Is n a prime number?
True
Suppose -3*w - 4*o + 40527 = 0, 15*o + 27016 = 2*w + 18*o. Is w composite?
True
Suppose -3*f + 586 + 38410 + 8491 = 0. Is f prime?
False
Let u = 382653 + 50740. Is u prime?
True
Is (-7237)/(((-34)/136)/(2/8)) a prime number?
True
Let i(s) = 18*s**2 - s - 1. Let r be i(1). Is 86 - (5 + r/(-2)) prime?
True
Let d = 737 + -741. Let k(h) = 2*h**3 - 2*h**2 - 3*h + 2. Let b be k(2). Is -3 + b + d + 12 a composite number?
True
Let n = -16 + -5. Let a = 14 + n. Is (a/1)/((12/321)/(-4)) a prime number?
False
Let y be (32/8 - 10) + 1*72. Suppose y*t - 60*t = 293142. Is t a composite number?
False
Suppose 2*r + 6*r = 8. Is (-4)/r - ((-7040)/8 + 5) composite?
True
Let v = -24861 + 36202. Suppose m + 8 = 3, 2*f - 3*m = v. Is f a composite number?
True
Let m(z) = 580*z**2 - 941*z - 29. Is m(18) a composite number?
False
Let n(k) = 2*k**2 + 5*k + 140. Let v be n(-21). Suppose 2*g - v = 2673. Is g prime?
False
Let t(k) = -k + 8. Let g(q) = -q + 8. Let u(l) = 2*g(l) - 3*t(l). Let o be u(8). Suppose 9*y = -o*y + 1197. Is y composite?
True
Let s(d) = -8*d + 5. Let k be s(0). Suppose -19*z - k = -14*z. Is 1*(911 - 0)*(2 + z) composite?
False
Let h(g) be the second derivative of -9*g**5/5 + g**4/2 + g**2/2 + 106*g. Is h(-3) composite?
True
Suppose -50*w - 703322 = -4123272. Is w prime?
True
Let w(f) = 109274*f - 359. Is w(2) a composite number?
True
Suppose -i - 3*n - 87 = 0, -5*n = -4*i - 44 - 219. Let h = i - -72. Suppose h = -4*z + 5*w + 2529, 2*z + 3*z = 2*w + 3157. Is z composite?
False
Let j be (1 - 2 - 4) + 3 - -2110. Suppose 3*s + 2684 = 3*n - 481, -2*s + 3*n - j = 0. Let l = 3552 + s. Is l prime?
False
Let c = -1278646 - -1810739. Is c a composite number?
False
Let k(p) = -4*p - 10. Let z be k(4). Let d = z + 32. Is 631 + d/2 + -3 prime?
True
Suppose -3*t - 2*t + 63910 = -5*u, 5*u + 25561 = 2*t. Let g = -6796 + t. Is g composite?
False
Let b be 18/(-14) - 12/(-42). Is (5331/18)/(b/(-18)) a prime number?
False
Suppose 5*o + 53 = 3. Let m be (2*(-2)/o)/(1/5). Is (1366/(-12)*3)/((-1)/m) a prime number?
True
Let s(j) = 11*j + 6. Let n be s(-2). Let z be (-12)/16 + (10796/n)/(-1). Suppose 2*f - 4*f - 5*y = -1309, 4*y = f - z. Is f prime?
False
Let t be (-11*(-1)/4)/((-7)/(-84)). Suppose 5*u - 32228 = -4*i, t*i = 28*i + 5*u + 40285. Is i a composite number?
True
Is 49434 - (16 - 2) - 5/1 a composite number?
True
Let f(x) = x + 16. Let v be f(-16). Suppose v = 5*z - u - 4*u - 2750, 0 = -4*z + u + 2203. Is z composite?
True
Let l = -1040 + -3455. Let y = l - -6978. Is y a prime number?
False
Let s(q) = 3714*q**3 + 19*q**2 - 72*q + 23. Is s(6) composite?
False
Let c be 87859 - (-7)/((-35)/20). Suppose -2*z = -2*s - 35142, c = -8*z + 13*z - 3*s. Is z prime?
False
Suppose -438091 = -6*f + f + 3*m, 5*f - 438059 = 7*m. Is f prime?
True
Let s(o) = -685*o**2 - o - 1. Suppose -3*v - 6 = 3*n, -v + 2*n + 13 - 3 = 0. Let g be s(v). Let h = g - -5154. Is h a prime number?
True
Suppose -5*k + 424 = -4*w - 3*k, 3*w = -2*k - 318. Let x = -102 - w. Suppose -3*b + x*c + 3782 = -863, 2*c = -3*b + 4621. Is b composite?
False
Is (5/((-90)/(-1844397)))/((-15)/(-10)) a composite number?
False
Suppose -188*b = -204*b + 342928. Is b a prime number?
True
Let c be ((-96)/16 - (-425 - 1))*1. Let o be (94/(-1))/(0 - 2). Let n = o + c. Is n composite?
False
Suppose 1081575 = 47*b - 643842. Suppose 0 = 5*m - 30344 - b. Is m a composite number?
False
Let l = -23612 - -33991. Is l composite?
True
Let k be (3142/(-4))/(3/6). Let x = k - -2818. Is x composite?
True
Suppose 967414 = -16*t + 3357782. Is t a composite number?
True
Let m = -97390 - -138833. Suppose 27607 = 2*l - 2*c - c, -2*c = 3*l - m. Is l a prime number?
False
Suppose 14*p - 25 = 17. Suppose p*k - 5*c - 8430 = 0, 0 = -k - 0*k + 2*c + 2810. Let r = 4147 - k. Is r a composite number?
True
Suppose 4*j = 3*w - 45, 6 + 39 = 3*w + j. Let h be (-9)/w + 23/5. Is 18/9*614/h a composite number?
False
Suppose -3 = z - 2, -5*m + 1562 = 3*z. Suppose 2*h - m = 1849. Suppose f - h = -4*g, 784 + 294 = f + 3*g. Is f composite?
False
Suppose w = t - 6, 15*t - 5*w - 9 = 13*t. Let i be 1 + -1 - (-5 + 3). Suppose -t*h = i*h - 1197. Is h a prime number?
False
Let l(s) = -927*s - 1817. Is l(-24) a prime number?
True
Suppose 17 = c + 3*s, 0 = -14*c + 10*c - 3*s + 32. Suppose 6*z + j = 8*z - 14793, -5*j = -c. Is z prime?
False
Suppose 0*y - 6648 = -3*y. Suppose -c = -5*h - 728, -3*c + h + y = 2*h. Suppose 5*m = 4*t + 2267 - 404, 2*m + 2*t - c = 0. Is m composite?
True
Is 2/(14 - (-37797480)/(-2699823)) a composite number?
False
Let v(s) = s**2 - 34*s + 173. Let l be v(28). Suppose -2*z + 18457 + 102292 = l*f, -f + 24163 = -4*z. Is f composite?
False
Let s(o) = 2*o**2 - 7*o - 1. Let m be s(6). Let w = m + -29. Suppose -3*k = 3*v - 294, v + 3*k = -w*v + 88. Is v prime?
True
Suppose 0 = -75*n + 74*n - 39126. Is (-52)/(-39)*n/(-8) prime?
True
Let q(h) = h - 26. Let i be q(24). Is (7592/6 - -2)*(-3)/i a composite number?
False
Let a be 2 + 1 + (-4)/((-12)/(-2283)). Let b = a + 1544. Suppose 211 = 2*g - 4*l - 575, 2*g = -l + b. Is g a composite number?
True
Suppose -26*l = 14*l - 10165312 + 337512. Is l prime?
False
Suppose 6*l = 11*l - 15. Let h(d) = -48*d**3 + d**2 - 3*d. Let k be h(l). Let g = k - -3445. Is g composite?
True
Suppose -2*j + j + 6 = 0. Suppose -2*r = m - j, 2*m - 3*m + 5 = r. Suppose -z - 5480 = -m*t - 407, 0 = -5*z - 25. Is t a composite number?
True
Let c(f) = 4319*f + 2. Let k(q) = -5*q + 9. Let p be k(2). Let u be c(p). Let r = u - -6950. Is r prime?
True
Let t = -439 - -439. Is (1 - (-3402 - 6)) + (0 - t) prime?